2 + 162. Let v = c + -78. What is the greatest common divisor of v and 6?
6
Let s be 1910/50*5 + (2 - 1). Calculate the highest common factor of 216 and s.
24
Let g(f) = -11*f + 2. Let l be g(-2). Suppose 3*y = -y + l. Let o = 33 + -21. What is the highest common factor of o and y?
6
Suppose 3*u - 2*l + 5*l = 18, 3*u - 5*l - 2 = 0. Let a be ((-1)/6 + (-6)/36)*-6. What is the greatest common factor of a and u?
2
Let v = 1110 + -972. Calculate the greatest common factor of v and 46.
46
Let m be (35/10)/(4 + 79/(-20)). What is the greatest common factor of m and 28?
14
Suppose p = -4*p + 15. Suppose -p*b + 3*c - 84 = 0, -b - 31 = -5*c + c. Let i = -25 - b. Calculate the highest common factor of i and 8.
2
Suppose 51*a - 9 - 93 = 0. Suppose 0 = 5*q - 4 - 1. Let g be q/a - (-5360)/32. What is the highest common divisor of 21 and g?
21
Let m(x) = 4*x**2 + 260*x + 1470. Let f be m(-59). Let b be 3*(1 - 26/(-1)). What is the highest common factor of b and f?
27
Let d = 6 - 2. Suppose -d*u + 4 = h, 0 = -0*h - 2*h + 5*u + 21. Suppose 23 = 4*s - 9. Calculate the greatest common factor of s and h.
8
Suppose v - 4*r - 12 = 0, -4*r + 65 = 2*v + 5. What is the highest common factor of 156 and v?
12
Suppose 216 = 5*h + 3*h. What is the highest common factor of h and 18?
9
Let z be (22/12)/(((-85)/30)/(-17)). Let b(c) = c**3 - 12*c**2 + 10*c + 27. Let y be b(z). Calculate the greatest common factor of y and 144.
16
Suppose -t = -3*q + 194 + 66, 5*q - 456 = -4*t. What is the highest common divisor of 110 and q?
22
Let m(z) = 12*z**2 + 28*z + 35. Let k be m(-9). Calculate the highest common divisor of k and 5.
5
Let f = 79 + -47. Suppose -11*i = 33*i - 2816. What is the greatest common divisor of i and f?
32
Let k be 45/4*(1 + 3 + 24). What is the highest common divisor of 35 and k?
35
Suppose -13*z + 11*z = 5*b - 31, -5*b + 85 = 5*z. Calculate the greatest common divisor of 6 and z.
6
Suppose -3*t - 1062 = -2430. What is the greatest common factor of 72 and t?
24
Let d = 96 + -89. Let v be 26/3 + ((-66)/(-9) - d). What is the greatest common factor of 99 and v?
9
Suppose -2*k + 2*d - 2 = 0, -2*k + 10 = 5*d - 2. Let y = 7 + k. Let x be (-3)/(-12) - (-6)/y. Calculate the highest common divisor of x and 7.
1
Suppose 6*d - 8*d + 10 = 0. Suppose 0 = d*n - 3*n - 4. Suppose -y + 2*y = 1. What is the greatest common factor of y and n?
1
Suppose -3*l = 3*d - 48 - 84, 3*d + 5*l = 130. Let j = -41 + 30. Let r be (-88)/(-10) + j/(-55). What is the greatest common factor of d and r?
9
Let i be 0 + 2 - (-3 - 0). Suppose 3*n = j + 907, -i*j - 8 = 12. Suppose 3*m - n = -y, -3*m + 0*y + y + 293 = 0. Calculate the highest common factor of m and 9.
9
Let g = -397 + 413. Calculate the highest common divisor of 432 and g.
16
Suppose f + 17 = -5*d + d, 0 = 3*f - 3*d + 66. Let u be (-62)/(-6) - (-7)/f. What is the greatest common divisor of 25 and u?
5
Let d be 6 - (-1)/(1/2). Suppose -b + 0 = -1. Let n(u) = 18*u**3 + 2*u**2. Let a be n(b). Calculate the highest common divisor of d and a.
4
Suppose 25 = -l + 44. What is the greatest common factor of l and 1?
1
Let s(f) = -13*f**3 + 3*f**2 - 2*f - 15. Let w be s(-3). What is the highest common divisor of w and 492?
123
Let m be 2/(-3) - (-340)/6. Suppose -15*q - m = -19*q. What is the greatest common factor of 2 and q?
2
Suppose -15*f = 2 - 2. Suppose f = -2*b - 11 + 107. Calculate the greatest common divisor of b and 6.
6
Suppose 38*s + 985 = 3265. Let r be 485/20 + (-1)/4. Calculate the greatest common factor of s and r.
12
Suppose 0 = 3*i + 23*i - 3432. What is the greatest common divisor of 66 and i?
66
Suppose 2*p = z - 12 + 35, -5*z - 5 = p. Suppose -p*u + 6*u = 0. Suppose -8*o + 3*o + 110 = u. Calculate the greatest common factor of 33 and o.
11
Let z be 1136/20*1 + 24/(-30). What is the greatest common factor of z and 728?
56
Let u = -29 + 39. Let c be 0 + 0 + u/(-2). Let w be (2*c)/(5/(-15)). What is the highest common divisor of 12 and w?
6
Suppose 0 = d - 18*d + 2516. What is the highest common factor of d and 37?
37
Let m = -549 + 846. Calculate the greatest common factor of 3 and m.
3
Suppose 5*d + 4*c = -c + 130, d + 5*c - 18 = 0. Suppose -5*q = 2*s - 22, 4*q - 3*s + 2*s = d. Calculate the greatest common divisor of 3 and q.
3
Let i = 11 - 7. Suppose -5*g = 3*j - 94, -g + j = i*g - 82. What is the greatest common factor of 68 and g?
17
Let y = -16 + 26. Suppose 5*x + y = w, 2*w + 2 - 13 = x. Suppose -3*s - 26 = -4*f, 7*s + 9 = f + 5*s. Calculate the highest common factor of w and f.
5
Suppose 4*x - 7*x - 3*f - 570 = 0, 3*f - 15 = 0. Let a be (-26)/x + (-626)/(-30). Calculate the highest common factor of a and 105.
21
Let l(u) = 71*u - 6. Let w be l(2). Suppose -3*x - 2*x = -50. Suppose 0 = -2*f + 4*v + w, -v = -3*f + 194 + x. What is the highest common factor of 17 and f?
17
Suppose 2*d - 39 = 15. Let y be (-1)/(18/d*1/(-10)). Calculate the greatest common factor of 10 and y.
5
Suppose m = -g + 16, g + 52 = 5*g + m. Let d = 174 + -144. What is the highest common divisor of g and d?
6
Let c be (-9)/((-252)/8) + (-388)/(-14). Calculate the highest common factor of c and 8.
4
Let z = -159 - -223. Suppose -12*b + 8 = -z. Calculate the greatest common divisor of 6 and b.
6
Let n = -9 + 12. Let k be (-12)/n + -4 + 0. Let t(u) = u**2 + 6*u - 6. Let y be t(k). Calculate the greatest common divisor of y and 70.
10
Let u be 6/2*10/6. Let d = -1 + u. Suppose -a + 30 = d*a. What is the greatest common divisor of a and 42?
6
Let h(t) = 24*t - 48. Let o be h(4). Calculate the highest common divisor of 876 and o.
12
Let i be (10/25)/(1/(-5)). Let f be 21153/121 - i/11. Calculate the greatest common divisor of f and 25.
25
Suppose k - 9 = -5. Suppose 0 = -4*d - 3*j + 81, 4*j - k = -d - 0*j. Calculate the greatest common factor of 264 and d.
24
Let i = -39 - -84. Calculate the highest common factor of i and 30.
15
Let x(m) = 25*m**3 - 3*m**2 + 3*m + 4. Let c be x(2). What is the greatest common divisor of c and 132?
66
Let q(a) = 82*a + 699. Let y be q(10). Calculate the greatest common factor of y and 62.
31
Suppose -7*b - 2*r = -2*b - 120, 0 = 3*b + 4*r - 58. Calculate the highest common factor of b and 26.
26
Let q be (1 + -3)/((-6)/(-147)). Let x = 58 + q. What is the highest common factor of x and 72?
9
Suppose -2*d - 26 = -n + 24, 3*n - d = 175. Calculate the highest common factor of n and 180.
60
Let r = 50 + -49. Let j be ((-1)/2)/(8/(-96)). Suppose -d + 27 = 4*x + j, 3*x + 4*d = 32. Calculate the highest common divisor of x and r.
1
Let m(g) = -g**3 - 4*g**2 + 4*g - 6. Let u be m(-5). Let l be (u/2)/(6/648). Let i = 0 - l. What is the greatest common divisor of 6 and i?
6
Suppose -5*g + 33 = 3*w, w - g = 4*g - 9. Let i = 20 + w. Let b be (1 + 3 - 17)*-1. What is the greatest common divisor of i and b?
13
Let r(v) = 24*v - 51. Let k be r(3). Calculate the greatest common factor of 12 and k.
3
Let w be (-20 + 19)*(1 - 2)*0. Let z be ((-1)/(w - -2))/((-4)/216). What is the highest common factor of z and 81?
27
Suppose -4*r + 3*b = -62, -3*b + 248 = -r + 277. Let w = -17 + 72. What is the greatest common divisor of w and r?
11
Suppose -25*i = -20*i - 10. Suppose i*p = 152 + 8. Calculate the highest common divisor of 10 and p.
10
Let s be (2/3 + 2)*3. Suppose k = 2*b - 0*b - 579, 5*b + 4*k - 1428 = 0. Suppose -14*o = -18*o + b. What is the highest common factor of s and o?
8
Let w(a) = -a**2 - 7*a - 1. Let r be w(-6). Suppose -29*j + 30*j = r. Calculate the greatest common factor of j and 35.
5
Suppose -7*t - 604 = -1969. What is the greatest common divisor of t and 78?
39
Suppose o = -4*m - 4*o, 5*m = -4*o. Suppose m = -2*p + 3*q, -2*q + 24 = 2*p + q. Calculate the greatest common divisor of 2 and p.
2
Let j be (0*2/(-10))/2. Let b be -2*45/(-5) + j. Calculate the highest common factor of b and 9.
9
Suppose -7*i = 3*u - 8*i - 141, -4*i = 4*u - 204. What is the highest common factor of 32 and u?
16
Let v be -2*28*(-312)/84. Let d(b) = b + 16. Let y be d(0). What is the highest common factor of v and y?
16
Let a = 22 - 41. Let p = a - -47. What is the greatest common divisor of 28 and p?
28
Let w(h) = -h**3 + 11*h**2 + 2*h - 1. Let v be w(10). Let o be 2584/v - (1 + (-9)/7). Calculate the greatest common factor of 176 and o.
22
S